ive of k**4/24 + 7*k**3/6 - 24*k**2. Let p(h) = 5*a(h) - r(h). Calculate p(-6).
-6
Let h(b) be the second derivative of 7*b**3/6 + b**2/2 + 10*b. Let o(g) = -6*g - 1. Let s(p) = -5*h(p) - 6*o(p). Determine s(4).
5
Let v(b) = 2*b + 2. Suppose 6*p + 5 = 7*p. Suppose 2*w = -p*g - w - 33, g + 7 = -w. Determine v(g).
-10
Let v(d) be the third derivative of d**4/24 - d**3/3 - 8*d**2. Let i = 7 - 2. Give v(i).
3
Let d(q) = -2*q. Let i(a) = -2*a + 3. Let g(s) = 3*s - 4. Let v(x) = 3*g(x) + 4*i(x). Let n(b) = -d(b) - 3*v(b). What is n(0)?
0
Let w(s) = s**2 - 141*s + 7. Let f(a) = -3*a**2 + 398*a - 20. Let o(j) = 6*f(j) + 17*w(j). Let d = 0 + -7. Calculate o(d).
13
Let g(u) = 4*u - 5. Let j(p) = p**2 - p - 4. Let t be j(0). What is g(t)?
-21
Let k(b) = -b + b**2 + b**3 - 173 - 171 + 372. Calculate k(0).
28
Let z(g) be the second derivative of -g**3/6 + 19*g**2/2 + 4*g - 22. Calculate z(17).
2
Let d(f) = -f**3 - 9*f**2 - 7*f + 3. Let m be -1 + 12/(-6) + -5. Calculate d(m).
-5
Let c(f) = -2*f**2 - 11*f - 25. Let p(u) = u**2 + 5*u + 13. Let j(q) = -6*c(q) - 11*p(q). Calculate j(-7).
-21
Suppose -9 = l - 4*l. Suppose -i - 3 + 2 = -2*k, l*k - 5*i = -9. Suppose 0 = 5*v - 3*v + k. Let m(u) = -u**2 - u - 1. Determine m(v).
-1
Let a(q) = -q**3 - 5*q**2 - 5*q - 3. Let w(l) = 65*l + 451. Let v be w(-7). Give a(v).
1
Let t(g) = 17*g**2 - 3*g - 3. Let v(o) = -20*o + 119. Let k be v(6). Give t(k).
17
Let s(w) = w**2 - 9*w - 10. Let p(h) = -h - 1. Let u(c) = 2*p(c) - s(c). Determine u(7).
8
Let d(t) be the second derivative of -t**5/20 + t**4/12 + t**3/6 + 17*t**2/2 + t. Let y be (1 + 0/2)*(3 - 3). Give d(y).
17
Let f(b) be the first derivative of -b**4/4 + b**3 + 7*b**2/2 - 5*b + 807. Suppose -8 - 29 = 5*o + 3*g, g - 1 = 0. Let s be 1 + (o/(-2) - 1). What is f(s)?
7
Suppose 5*w + 30 = -p, 0*p = 4*w - 2*p + 24. Let a(t) = t + 8. Let g(m) = -5 - m + 5 - 7. Let x(n) = -7*a(n) - 6*g(n). Give x(w).
-8
Let c(u) be the second derivative of -u**3/6 + u**2/2 + 26*u. Let h(m) = m - 2. Let o(w) = -3*c(w) - 2*h(w). What is o(7)?
8
Suppose 4*s - 1 = -37. Let n be -2 + (7 - s/(-3)). Let w(j) = 3*j - 3. Determine w(n).
3
Let w = -5 - 3. Let n(j) = j**3 + 10*j**2 + 10*j - 7. Determine n(w).
41
Suppose -3*p + 87 = 81. Let g(y) be the second derivative of 0 + 0*y**3 - p*y - 1/2*y**2 - 7/12*y**4. What is g(1)?
-8
Let f(p) = -76*p - 2. Let j(n) = -30*n - 1. Let m(v) = 3*f(v) - 8*j(v). Calculate m(3).
38
Suppose -27 = 6*p - 9. Let r be 2/(-5) + 44/10. Let j(c) = r*c - 3 + 2*c**2 - 4*c + c + 1. Calculate j(p).
13
Let r = -1248 + 1245. Let z(v) = -v**3 - 2*v**2 + 7*v + 2. What is z(r)?
-10
Let w(t) be the first derivative of -t**6/360 - t**5/120 + t**4/24 + 14*t**3/3 - 1. Let s(v) be the third derivative of w(v). Give s(3).
-11
Suppose -3*s = 3*w - 15, -s - 5*w + 11 = -10*w. Let x(r) = -r - 2. Give x(s).
-8
Let r(l) = 3*l**2 - 10*l + 7. Let g(x) = 17*x**2 - 49*x + 34. Let t(f) = 2*g(f) - 11*r(f). What is t(-12)?
-9
Let l(g) be the second derivative of -g**5/40 + g**4/8 - 23*g**3/6 + 22*g. Let r(u) be the second derivative of l(u). What is r(4)?
-9
Suppose 7*j + 4 = 18. Let f(q) = -q**2 + 5 + j + 9*q - 4*q**2 + 6*q**2. Give f(-8).
-1
Let y(s) = 2*s**2 - 2 - 2*s**2 - 17651*s**3 + 12*s**2 - 29 + 15*s + 17650*s**3. Calculate y(13).
-5
Let q(y) = -y**3 + 9*y**2 - 10*y + 5. Let u be -7*(-2)/(-14) + 8. Give q(u).
33
Let h(z) = -2*z + 1. Suppose 26*x + 32 = 27*x. Let f be (x/20)/(4/60). Suppose 0 = 7*n - 3*n + f. Determine h(n).
13
Let a(n) be the first derivative of n**4/4 + 8*n**3/3 - n**2/2 - 6*n + 22. What is a(-8)?
2
Let m(q) = q**3 + 6*q**2 + 4*q - 9. Let j be m(-5). Let r(a) = a**3 + 4*a**2 + 3. What is r(j)?
3
Let n = -10 - -11. Suppose 2*j - 3*j = 2, -3*j = 5*d - 29. Let p(b) = b - b - d*b**2 - 2*b**2 + n. Calculate p(-1).
-8
Let f(l) = -2*l**3 + l**3 - 6*l + 4 + 6*l**2 + 3*l. Let p(z) = -z**3 + 11*z**2 + 6. Let r be p(11). Give f(r).
-14
Let k(b) = -b**2 + b - 8. Let o be k(0). Let q(x) = -9*x**2 - 6*x + 4. Let u(n) = 11*n**2 + 5*n - 6. Let z(p) = 5*q(p) + 4*u(p). What is z(o)?
12
Let j(x) = x**2 + 5*x - 4. Suppose -4*z + 22 + 18 = 0. Suppose -z*d = -13*d - 126. Let h be (-5)/(-20) - d/(-8). What is j(h)?
-4
Let i(b) = b**3 + 8*b**2 + 6*b - 7. Let o(g) = 2*g - 5. Let s be o(-1). Calculate i(s).
0
Suppose 2*q - 17 + 7 = 0. Let t be q/5*6*-1. Let h be (24/4)/(t/(-4)). Let z(w) = w**2 - 5*w + 1. What is z(h)?
-3
Let y(b) = -15*b + 6*b**2 - 7*b**2 + 3*b**2 - b**2 - 21 + 3*b. Determine y(14).
7
Let b(g) = 0*g + 2*g - 11 + 4. Let r(p) = -p**3 + 7*p**2 - 3*p - 15. Let m be r(6). Suppose m*w = -4*w + 35. Determine b(w).
3
Let c(i) = i + 7. Suppose 25*r - 27*r = s + 13, -55 = 5*r - 5*s. Calculate c(r).
-1
Let j(b) be the first derivative of b**4/4 + 7*b**3/3 + b**2/2 - b - 17. Determine j(-6).
29
Let n be 10/((4/5)/(34/(-85))). Let j(w) = w**2 + 3*w + 6. What is j(n)?
16
Let d(n) be the first derivative of -n**3/3 - 9*n**2/2 - 9*n - 1. Let i be ((-32)/6)/(((-236)/295)/((-6)/5)). Give d(i).
-1
Let c(z) = 20*z**3 + 10*z**2 + 13*z + 4. Let u(q) = 9*q**3 + 5*q**2 + 6*q + 2. Let d(x) = 4*c(x) - 9*u(x). Give d(-5).
8
Let b(n) = -8*n - 15. Let l(j) = 5*j + 13. Let c(g) = -5*b(g) - 6*l(g). Determine c(1).
7
Let p(i) = -i - 3 - 3*i - 5*i + 57 + 4*i. Calculate p(10).
4
Let j(k) = -k - 3. Let b(o) = -2*o - 7. Let c(n) = -2*b(n) + 5*j(n). What is c(6)?
-7
Let r(l) = 39*l + 35*l - 9 - 68*l. Determine r(2).
3
Let j be (-18)/30 - (-8)/5. Suppose -7*w + 2*w + 7 = -3*q, -w - j = -3*q. Let d(x) = -4*x**3 + 2*x**2 + x - q + 5*x**3 - 4*x**2. Determine d(2).
1
Let r(d) be the first derivative of d**4/4 + d**2/2 - 15*d + 360. What is r(0)?
-15
Let d = 16 - 12. Let c = -9 + d. Let n(s) = -2*s + 0 + 1 - 6. What is n(c)?
5
Let d(c) = -c - 13. Suppose -2 = 2*f + 16. Give d(f).
-4
Let z(a) = a**3 - 8*a**2 + 4. Let i be z(8). Let y(k) = -k**3 + 4*k**2 - 2*k + 3. Calculate y(i).
-5
Let g(z) = 2*z**2 - 2*z + 3. Suppose 0 = n - 3*q + 1 - 0, 5*n = 3*q - 5. Let i be 10 + (-4 - n) + -4. Give g(i).
15
Let i(f) = f**3 - f**2 + 1. Let k(l) = 2*l**3 + 3*l**2 + 2*l - 4. Let q(x) = i(x) - k(x). Give q(-4).
13
Let p(q) = 0 + 2*q - 10*q**2 + 2 - 6*q**2 - 4*q + 15*q**2. What is p(0)?
2
Let g(k) = 15*k - 64. Let b be g(6). Suppose 26 - b = -4*c. Let r(o) = o**3 + 3. Determine r(c).
3
Let r(u) be the first derivative of -2*u**3/3 - 6*u - 7. Let m(b) be the first derivative of r(b). Calculate m(2).
-8
Let x(l) = l - 13. Suppose 0 = -17*b + 9*b + 120. Let y = b - 7. What is x(y)?
-5
Suppose -2*s + f = 2*f - 1, 3*s + 2*f = -1. Let k be ((-5)/s)/(1/3). Let u(g) = -11*g - 1. Let x(i) = 7*i + 1. Let q(o) = -5*u(o) - 8*x(o). What is q(k)?
2
Let j(i) = -7*i**3 - 11*i**2 - 7*i - 8. Let u(s) = s**3 + 2. Let w(x) = j(x) + 6*u(x). Give w(-10).
-26
Let j(n) be the second derivative of -n**3/6 - n**2 + n. Let a be 0*3*(-6)/18. Give j(a).
-2
Suppose 7*v - 9*v + 10 = 0. Suppose v = -5*x + 15. Let w(t) = 3 - 7 - x*t + t. What is w(0)?
-4
Let j(a) = -a + 3. Let i(x) = x**3 + 6*x**2 + 6*x + 11. Let w be i(-5). Determine j(w).
-3
Let j(x) = x**3 - 4*x**2 + x + 3. Suppose 0 = -5*z - 0*z + 10. Suppose -f = -3*f + 4*l + 22, -z*f - 4*l = 10. Give j(f).
-3
Let c(u) = 2*u**2 + 0 + 4*u + 4 - 6 + 0. Calculate c(-4).
14
Let h(d) = 5*d**2 - 2*d - 1. Let y = 65 - 65. Let r be (-3 - (-1 + y))*2/4. What is h(r)?
6
Let r = 7 - 2. Let k(b) be the third derivative of -b**3 + 1/24*b**4 - b**2 + 0 + 0*b. Give k(r).
-1
Let z(s) = -4*s**3 - 10*s**2 + 5*s + 5. Let l(x) = 7*x**3 + 18*x**2 - 9*x - 10. Let g(i) = -3*l(i) - 5*z(i). Calculate g(-4).
-3
Suppose -2*f + 12 - 8 = 0, -4*k + 3*f - 10 = 0. Let g(l) = -5*l + 1. Give g(k).
6
Let c be -7 + -2 + 3 + 3. Let q(r) = 9*r**2 - 7*r - 11. Let g(u) = 4*u**2 - 3*u - 5. Let o(v) = -7*g(v) + 3*q(v). Determine o(c).
-7
Suppose -12 = -0*d + 2*d. Let o(c) = 5*c. Let v(w) = w**3 - 7*w**2 + 7*w - 2. Let q be v(6). Let i(a) = a - 2. Let k(j) = q*i(j) - o(j). Calculate k(d).
-2
Let v(t) = -114*t + 205*t - 98*t. Suppose -3*b = -b + 30. Let d be ((-10)/b)/((-4)/6). Determine v(d).
7
Let d(p) be the first derivative of -p**2/2 + 4*p + 1. Suppose -35 + 5 = -6*z. Suppose 1 = -0*w + w + s, 2*s - 20 = -z*w. Give d(w).
-2
Let b(l) = -l**3 + 8*l**2 - 8*l + 6. Let t = -22 + 40. Suppose n + 17 = -f + 5*n, 0 = -f - 3*n + t. Suppose 0 = -r - 2*w - f, -r +